when 269282 is divided by 269280.
2
What is the remainder when 242492885 is divided by 40415480?
5
Calculate the remainder when 7404840 is divided by 525.
240
What is the remainder when 22645839 is divided by 2968?
2967
Calculate the remainder when 8133018 is divided by 232370.
68
Calculate the remainder when 1373280 is divided by 1989.
870
What is the remainder when 177169 is divided by 4223?
4026
What is the remainder when 1242297 is divided by 2551?
2511
What is the remainder when 363518 is divided by 30185?
1298
Calculate the remainder when 5096116 is divided by 1481.
1476
What is the remainder when 111780598 is divided by 2056?
2046
Calculate the remainder when 1012080 is divided by 42166.
96
What is the remainder when 612793 is divided by 61278?
13
What is the remainder when 689776 is divided by 687?
28
What is the remainder when 11737 is divided by 11640?
97
Calculate the remainder when 4510928 is divided by 3839.
103
Calculate the remainder when 6107149 is divided by 135707.
334
Calculate the remainder when 32957 is divided by 7552.
2749
Calculate the remainder when 662367 is divided by 10857.
90
Calculate the remainder when 3106476 is divided by 133.
128
What is the remainder when 9804663 is divided by 467?
465
What is the remainder when 8207 is divided by 1631?
52
What is the remainder when 6620627 is divided by 3516?
3515
Calculate the remainder when 160806 is divided by 476.
394
Calculate the remainder when 169947 is divided by 1465.
7
Calculate the remainder when 470674 is divided by 418.
6
Calculate the remainder when 47980 is divided by 3566.
1622
What is the remainder when 111557 is divided by 3699?
587
What is the remainder when 260548 is divided by 4202?
24
Calculate the remainder when 76385 is divided by 25259.
608
Calculate the remainder when 36043 is divided by 633.
595
Calculate the remainder when 186898 is divided by 1426.
92
What is the remainder when 75062062 is divided by 6072?
6070
What is the remainder when 414688 is divided by 553?
491
What is the remainder when 1716999 is divided by 712?
367
Calculate the remainder when 3861924 is divided by 5.
4
What is the remainder when 106946455 is divided by 27?
22
What is the remainder when 35742792 is divided by 89806?
4
Calculate the remainder when 9122123 is divided by 3040678.
89
What is the remainder when 339432 is divided by 30851?
71
Calculate the remainder when 1203511 is divided by 8795.
7391
What is the remainder when 15567229 is divided by 6267?
1
Calculate the remainder when 249655 is divided by 82823.
1186
What is the remainder when 39904473 is divided by 764?
753
What is the remainder when 1093540 is divided by 348?
124
Calculate the remainder when 48926 is divided by 6102.
110
Calculate the remainder when 4489729 is divided by 31842.
7
What is the remainder when 40098359 is divided by 817?
816
Calculate the remainder when 1857702 is divided by 1505.
532
What is the remainder when 18415536 is divided by 182332?
4
Calculate the remainder when 4474257 is divided by 845.
827
What is the remainder when 633821 is divided by 1381?
1323
Calculate the remainder when 3826675 is divided by 145.
125
Calculate the remainder when 2003858 is divided by 2164.
2158
Calculate the remainder when 932788 is divided by 6568.
132
Calculate the remainder when 8766057 is divided by 384.
105
Calculate the remainder when 643783 is divided by 2925.
283
Calculate the remainder when 66976 is divided by 1579.
658
What is the remainder when 10848393 is divided by 28032?
9
Calculate the remainder when 1930182987 is divided by 3890.
3887
Calculate the remainder when 3209100 is divided by 1474.
202
Calculate the remainder when 22866360 is divided by 2325.
2310
What is the remainder when 815473 is divided by 488?
25
What is the remainder when 410213 is divided by 68367?
11
Calculate the remainder when 18205165 is divided by 2680.
2605
Calculate the remainder when 4495360 is divided by 4495352.
8
Calculate the remainder when 35995 is divided by 1376.
219
Calculate the remainder when 601869 is divided by 8472.
357
What is the remainder when 181628298 is divided by 2256?
2250
What is the remainder when 230204011 is divided by 104?
11
What is the remainder when 6175 is divided by 5256?
919
What is the remainder when 773139 is divided by 7220?
599
What is the remainder when 827195 is divided by 1906?
1897
What is the remainder when 574209 is divided by 287069?
71
What is the remainder when 115024948 is divided by 1154?
1152
What is the remainder when 8541621 is divided by 32?
21
What is the remainder when 878834 is divided by 3162?
2960
Calculate the remainder when 407268 is divided by 143.
4
Calculate the remainder when 7923 is divided by 7897.
26
What is the remainder when 62932 is divided by 358?
282
Calculate the remainder when 91015 is divided by 4761.
556
What is the remainder when 34482427 is divided by 192?
187
What is the remainder when 298327 is divided by 1797?
25
What is the remainder when 9929 is divided by 3397?
3135
Calculate the remainder when 339491 is divided by 3814.
45
Calculate the remainder when 88274 is divided by 3360.
914
Calculate the remainder when 54708184 is divided by 27354091.
2
What is the remainder when 3771619 is divided by 37716?
19
What is the remainder when 132594 is divided by 65790?
1014
What is the remainder when 667266251 is divided by 3475345?
11
Calculate the remainder when 9665291 is divided by 3905.
416
What is the remainder when 190207973 is divided by 236?
233
What is the remainder when 2464413 is divided by 16?
13
Calculate the remainder when 19232642 is divided by 10.
2
Calculate the remainder when 18259 is divided by 191.
114
Calculate the remainder when 353997 is divided by 547.
88
What is the remainder when 982910 is divided by 24?
14
Calculate the remainder when 761724873 is divided by 1892.
1889
What is the remainder when 70696 is divided by 1696?
1160
What is the remainder when 16775227 is divided by 64?
59
Calculate the remainder when 166596 is divided by 32824.
2476
What is the remainder when 1923562 is divided by 51988?
6
What is the remainder when 176911 is divided by 7688?
87
What is the remainder when 8006735 is divided by 2668856?
167
What is the remainder when 5905 is divided by 2798?
309
What is the remainder when 17453258 is divided by 110?
108
Calculate the remainder when 4391959 is divided by 1120.
439
Calculate the remainder when 4244364 is divided by 4244352.
12
Calculate the remainder when 2038490 is divided by 750.
740
Calculate the remainder when 14661705 is divided by 729.
57
Calculate the remainder when 8489019 is divided by 28.
7
Calculate the remainder when 10426741 is divided by 2085309.
196
What is the remainder when 762307 is divided by 381145?
17
Calculate the remainder when 433817057 is divided by 90097.
2
Calculate the remainder when 246503 is divided by 15982.
6773
Calculate the remainder when 331040 is divided by 47289.
17
What is the remainder when 1695114 is divided by 847552?
10
Calculate the remainder when 3837828 is divided by 9.
3
What is the remainder when 24339986 is divided by 92?
6
What is the remainder when 7200992 is divided by 45866?
30
Calculate the remainder when 525563 is divided by 1669.
1497
Calculate the remainder when 2781038 is divided by 4796.
4154
What is the remainder when 6593737 is divided by 2006?
15
Calculate the remainder when 1789341 is divided by 4836.
21
What is the remainder when 1458118 is divided by 5283?
10
Calculate the remainder when 983355 is divided by 7744.
7611
What is the remainder when 4385695 is divided by 900?
895
Calculate the remainder when 756339 is divided by 94439.
827
Calculate the remainder when 805995 is divided by 19.
15
Calculate the remainder when 27413233 is divided by 1522957.
7
Calculate the remainder when 19419445 is divided by 29071.
17
What is the remainder when 322752 is divided by 278?
272
What is the remainder when 424760 is divided by 1242?
1238
Calculate the remainder when 579837 is divided by 289875.
87
Calculate the remainder when 89797 is divided by 5062.
3743
What is the remainder when 646886 is divided by 7435?
41
Calculate the remainder when 34123 is divided by 1174.
77
Calculate the remainder when 971724262 is divided by 56.
54
What is the